{"id":706,"date":"2019-03-02T11:35:03","date_gmt":"2019-03-02T10:35:03","guid":{"rendered":"https:\/\/www.arthouse39.de\/7portale\/?page_id=706"},"modified":"2019-06-13T11:52:04","modified_gmt":"2019-06-13T09:52:04","slug":"spirituelles-kunstprojekt","status":"publish","type":"page","link":"https:\/\/www.arthouse39.de\/7portale\/spirituelles-kunstprojekt\/","title":{"rendered":"Spirituelles Kunstprojekt"},"content":{"rendered":"<p>Schon lange \u00fcbten die Geheimnisse der Alchemie, der alten vedischen, \u00e4gyptischen, arabischen, historischen und mythischen &#8230; Schriften, die Weisheiten des Paracelsus, Symbolik und Schriftgeschichte,\u00a0Etymologie usw., eine gro\u00dfe Faszination auf mich aus. Sp\u00e4testens seit ich aus gesundheitlichen Gr\u00fcnden (auch bez\u00fcglich meiner Kinder) zu diesen Themen recherchierte und forschte, stieg mein Interesse weiter und weiter. Dazu kamen Themen, wie Bewusstsein und Unterbewusstsein unseren K\u00f6rper beeinflussen, Meditationswirkungen, Hypnose, welchen Einfluss Frequenzen, also Energien verschiedenster Art, auf uns haben und welche Rolle spirituelle Erfahrungen dabei spielen.<\/p>\r\n<h2>Spirituelle Kunst und uralte Lehre der Signaturen<\/h2>\r\n<p>Bei der Recherche zu Paracelsus, anderen Alchemisten und Weisheitslehrern,<\/p>\r\n<figure id=\"attachment_179\" aria-describedby=\"caption-attachment-179\" style=\"width: 300px\" class=\"wp-caption alignright\"><a href=\"https:\/\/www.arthouse39.de\/7portale\/wp-content\/uploads\/2017\/10\/alchemistischer_siebenstern.jpg\"><img decoding=\"async\" loading=\"lazy\" class=\"size-medium wp-image-179\" src=\"https:\/\/www.arthouse39.de\/7portale\/wp-content\/uploads\/2017\/10\/alchemistischer_siebenstern-300x291.jpg\" alt=\"alchemistischer_siebenstern\" width=\"300\" height=\"291\" srcset=\"https:\/\/www.arthouse39.de\/7portale\/wp-content\/uploads\/2017\/10\/alchemistischer_siebenstern-300x291.jpg 300w, https:\/\/www.arthouse39.de\/7portale\/wp-content\/uploads\/2017\/10\/alchemistischer_siebenstern.jpg 398w\" sizes=\"(max-width: 300px) 100vw, 300px\" \/><\/a><figcaption id=\"caption-attachment-179\" class=\"wp-caption-text\">alchemistischer_siebenstern<\/figcaption><\/figure>\r\n<p>also zu alchemistischen Lehren und Heilpraktiken, kam ich mit dem sehr interessanten und aufschlussreichen Themengebiet der Signaturen in Kontakt. Hier schlossen sich weitere Kreise zu Symbolik und Formensprache, Farbwirkungen, der Kunst \u00fcberhaupt und somit u. a. besonders zur venusischen Signatur.<\/p>\r\n<p>W\u00e4hrenddessen erprobte ich das Wissen, u. a. indem ich\u00a0 parallel beispielsweise eine Ausbildung in Reiki, in Hypnosetherapie und Farblichttherapie (nach Gadiali) absolvierte und praktisch anwandte. Ich brauchte konkrete Ergebnisse, denn die Schulmedizin kam offensichtlich weder bei den Kindern, noch anderen, zu ausreichenden Besserungen der gesundheitlichen Probleme. Alle m\u00f6glichen Heilweisen recherchierte und erprobte ich, sobald sie plausibel und ergebnisreich schienen. Nat\u00fcrlich faszinierte mich die z. B. die Arbeitsweise der Alchemisten wie Paracelsus, da sie vollkommen ganzheitlich sind und &#8211; historisch belegt &#8211; frappierende Heilwirkungen hatte. Diese Lehren gingen teilweise wenigstens in die Hom\u00f6opathie, vor allem in die Spagyrik ein.<\/p>\r\n<p>K\u00fcnstlerisch erfasste ich die Erfahrungen in Text und Bild, anfangs eher protokollarisch, symbolisch als Impressionen und Erinnerungen.<\/p>\r\n<h3>Alles ist Energie<\/h3>\r\n<p><br \/>Immer mehr wurde klar, wie bestimmend die Themen &#8222;Energie&#8220;, &#8222;Seele&#8220;, &#8222;Unterbewusstsein&#8220; und &#8222;Ganzheitlichkeit&#8220; in Wahrheit sind.\u00a0 Energien mit bestimmten Frequenzen rufen ad\u00e4quate Wirkungen hervor\u00a0 \u2013 wobei z. B. eine Farbe eben die spezifische Farbwirkung aufgrund ihrer Frequenz hat . Diese Frequenz korrespondiert wiederum mit den Pendants aus anderen Bereichen (der Signaturen) und denen in unserem eigenen inneren Universum.\u00a0<\/p>\r\n<p>Beispielsweise hat sowohl der Ton CIS, als auch die Farbe T\u00fcrkis (Blaugr\u00fcn,\u00a0 Cyan) den Frequenzbereich von 136,10 bis 141,27 Hertz. Das wiederum entspricht einerseits dem Jahreston der Erde (Umlauf der Erde um die Sonne &#8211; tropisches Jahr), ebenso der oktavanalogen Farbe bzw. der 30. Oktave\u00a0 (141,27 Hz) des Planeten Merkur, andererseits auch dem m\u00fctterlichen Urton, der mit dem Ur-Mantra OM aus dem Sanskrit der alten Veden intoniert wird. Diese Frequenz soll die transdimensionale, sch\u00f6pferische Urkraft, den h\u00f6chsten Aspekt, die h\u00f6chste\u00a0 Gottessymbolisierung wiedergeben. Indische Meditationsmusik und die meisten Kirchenglocken schwingen in diesem Klang.\u00a0 Optisch wird die Frequenz neben der Farbe durch das bekannte Sanskrit-Symbol\u00a0<img decoding=\"async\" loading=\"lazy\" class=\"wp-image-725\" src=\"https:\/\/www.arthouse39.de\/7portale\/wp-content\/uploads\/2019\/02\/om.jpg\" alt=\"\" width=\"42\" height=\"36\" \/>\u00a0wiedergegeben. Die Frequenz wirkt direkt auf das Kehlkopfchakra, das Herzchakra, die Lungen und die Seele. Sie l\u00f6st Spannungen, harmonisiert und bringt uns in unsere Mitte, wenn wir uns darauf einlassen.<\/p>\r\n<p>In der modernen Physik kam man (wieder) zu der Erkenntnis, das Materie letztlich verdichtete Energie\u00a0<span style=\"font-size: 1rem;\">ist, deren Beschaffenheit durch\u00a0 ihre\u00a0<\/span><span style=\"font-size: 1rem;\">Informationen und Frequenzen kreiert wird. Je tiefer man in die atomare Struktur eindringt, je kleiner die erforschten \u00bbTeilchen\u00ab werden, desto weniger ist von dem nachzuweisen, was man gemeinhin als \u00bbMaterie\u00ab kennt. Das Thema Quantenphysik war bzw. ist nat\u00fcrlich diesbez\u00fcglich besonders interessant. Die Quantenphysik ist in der Lage, endlich wissenschaftlich Nachweise f\u00fcr Ph\u00e4omene zu erbringen, die man eher als spirituell oder esoterisch einstuft (\u2013 oder je nach Wissenstand und mangelnder Erfahrung gar abwertet).<\/span><\/p>\r\n<h3>Kunst rettet &#8230;<\/h3>\r\n<p>Was mich \u00fcberraschte und sehr freute, war die wachsende Erkenntnis w\u00e4hrend der Erforschung, dass Kreativit\u00e4t, sch\u00f6pferisches Schaffen, insbesondere Kunst, ganz offensichtlich einen viel h\u00f6heren Stellenwert einnimmt, als man allgemein denkt. Und das, obwohl ich angewandte Kunst studiert hatte, ihr also sowieso schon eine hohe Priorit\u00e4t einger\u00e4umt hatte.<\/p>\r\n<p>Durch weitere Forschung, Experimente, Praxis, Intuition und auch Inspiration hatte ich bald wirklich Ergebnisse zu verzeichnen, die mich mit Dankbarkeit erf\u00fcll(t)en und weiter ansporn(t)en &#8230;<br \/>Was lag n\u00e4her, als dies zu dokumentieren, (<span style=\"font-size: 1rem;\">auch um es selbst nicht zu vergessen),\u00a0<\/span><span style=\"font-size: 1rem;\">zu vertiefen, weiter zu f\u00fchren und zu geben? Spannend war und ist, dass man immer weiter gef\u00fchrt wird, \u00fcberraschende Inspirationen bekommt und sich immer mehr Kreise schlie\u00dfen zwischen den einzelnen Themen und Erlebnissen.<\/span><\/p>\r\n<p><a href=\"https:\/\/www.arthouse39.de\/7portale\/wp-content\/uploads\/2019\/02\/venus-ausschnitt-gemaelde.jpg\"><img decoding=\"async\" loading=\"lazy\" class=\"aligncenter wp-image-739 size-full\" src=\"https:\/\/www.arthouse39.de\/7portale\/wp-content\/uploads\/2019\/02\/venus-ausschnitt-gemaelde.jpg\" alt=\"Venus-Signatur Gem\u00e4ldeausschnitt\" width=\"357\" height=\"249\" srcset=\"https:\/\/www.arthouse39.de\/7portale\/wp-content\/uploads\/2019\/02\/venus-ausschnitt-gemaelde.jpg 357w, https:\/\/www.arthouse39.de\/7portale\/wp-content\/uploads\/2019\/02\/venus-ausschnitt-gemaelde-300x209.jpg 300w\" sizes=\"(max-width: 357px) 100vw, 357px\" \/><\/a><\/p>\r\n<h4>Intuitives Erleben , Erkennen, Transformieren, Heilen &#8230;<\/h4>\r\n<p>Die Idee zu dem Kunstprojekt stand am Anfang.<\/p>\r\n<p>Faszinierend war ein Bericht \u00fcber die Urspr\u00fcnge der Heilkunst\u00a0<span style=\"font-size: 1rem;\">im alten Griechenland im so genannten Asklepiostempel.\u00a0<\/span><span style=\"font-size: 1rem;\">Heilungen, Problembehandlungen sowie gew\u00fcnschte \u00c4nderungen des Lebens\u00a0\u00a0<\/span><span style=\"font-size: 1rem;\">fanden\u00a0<\/span><span style=\"font-size: 1rem;\">haupts\u00e4chlich mit Hilfe der Spiritualit\u00e4t, der Kunst, der Suggestion und Techniken, die wir heute Hypnose nennen, statt. Wichtig war dabei, den Klienten tempor\u00e4r komplett in eine neue, inspirierende und sch\u00f6ne Umgebung zu versetzen. Er sollte sich wie in einer anderen Welt f\u00fchlen. Gezielt sollen die Tempel mit ausgesucht \u00e4sthetischer Architektur und Interior sowie Kunstobjekten, Gem\u00e4lden, \u00fcppigen Pflanzen und teilweise Tieren ausgestattet gewesen sein. Man fr\u00f6nte auch selbst den K\u00fcnsten jeglicher Art, je nach Ambition und Talent. Die Heilung wurde dazu haupts\u00e4chlich in Trance, damals Heilschlaf genannt, initiiert. Also wurde prim\u00e4r auf geistig- emotionaler Ebene, aber vor allem auf spiritueller Ebene gearbeitet. Denn die intuitiven Eingebungen und spirituellen Rituale spielten eine gro\u00dfe Rolle und f\u00fchrten oft zu genau den richtigen zus\u00e4tzlichen Heilmitteln und ver\u00e4ndernden Techniken bzw. Wirkungen. Der Klient verlie\u00df als \u00bbneuer Mensch\u00ab den Tempel.<\/span><\/p>\r\n\r\n<figure class=\"wp-block-image\"><a href=\"https:\/\/www.arthouse39.de\/7portale\/wp-content\/uploads\/2019\/03\/jupiter_adler_o.jpg\"><img decoding=\"async\" loading=\"lazy\" class=\"aligncenter wp-image-760 size-medium\" src=\"https:\/\/www.arthouse39.de\/7portale\/wp-content\/uploads\/2019\/03\/jupiter_adler_o-300x205.jpg\" alt=\"Gem\u00e4lde (Ausschnitt) Signatur Hera \/ Jupiter\" width=\"300\" height=\"205\" srcset=\"https:\/\/www.arthouse39.de\/7portale\/wp-content\/uploads\/2019\/03\/jupiter_adler_o-300x205.jpg 300w, https:\/\/www.arthouse39.de\/7portale\/wp-content\/uploads\/2019\/03\/jupiter_adler_o-768x524.jpg 768w, https:\/\/www.arthouse39.de\/7portale\/wp-content\/uploads\/2019\/03\/jupiter_adler_o.jpg 859w\" sizes=\"(max-width: 300px) 100vw, 300px\" \/><\/a><img fetchpriority=\"high\" alt=\"\" \/><\/figure>\r\n\r\n<p>Nun kann man heute nicht so einfach mal eben einen Asklepiostempel errichten. Aber die Vorstellungskraft, die Fantasie, manifestiert in Kunst, kann das. Wer hat sich nicht schon in eine andere Welt versetzt gef\u00fchlt, wenn er in Betrachtung und Reflektion eines Gem\u00e4ldes oder anderen Kunstwerkes versunken ist. Wie tief taucht man manchmal unter, in einem guten Film, einem guten Buch oder mitrei\u00dfender Musik?<br \/>Auch mentale Techniken, wie Meditation und Hypnose verm\u00f6gen dies nat\u00fcrlich.<\/p>\r\n<h4>Unser Unterbewusstsein denkt in Bildern.<\/h4>\r\n<p>Was geschieht, wenn man die Macht des Unterbewusstseins, das immerhin 90% (!) unserer k\u00f6rperlichen Vorg\u00e4nge, unsere nonverbale Kommunikation u. v. m. steuert, mit dem kreativen Wachbewusstsein kongenial verbindet?<br \/>Wir haben in Verbindung mit der Signaturenlehre, der Symbologie, der Schriftgeschichte, Mythologie, Kulturanthropologie, Hypnose &#8230; dazu sehr gutes \u00bbKnow how\u00ab in der Hand, um sowohl unser Bewusstes, als auch Unterbewusstes, zu bereichern, berichtigen und zu transformieren. Und nat\u00fcrlich k\u00f6nnen wir somit auch Wohlergehen in verschiedenster Hinsicht\u00a0 verbessern. Denn diese Einfl\u00fcsse, die ich w\u00e4hrend der jahrelangen Recherche erforschte, pr\u00e4gen uns &#8211; oft unbewusst. Wir k\u00f6nnen diese Pr\u00e4gung jedoch wiederum selbst beeinflussen. Au\u00dferdem ist es interessant, sich selbst und andere besser kennen zu lernen.<\/p>\r\n<p>Deshalb entschied ich mich f\u00fcr eine Kombination eines Buches und sieben Gem\u00e4lden in relativ gro\u00dfen Ma\u00dfen und einem Seitenverh\u00e4ltnis, das dem goldenen Schnitt nahe kommt (1,60m hoch x 1m breit). Man kann mit diesen Gem\u00e4lden sozusagen einen \u00bbmagischen\u00ab Raum schaffen. (Noch im Mittelalter galten suggestive Techniken, Hypnose usw. als \u00bbMagie\u00ab.)<br \/>Es ist sicher kein Zufall, dass gro\u00dfartige Maler ebenso wie die Architekten sakraler gotischer Bauten sich sehr auf die goldenen Proportionen\u00a0 und bestimmte Formen, Farben sowie mathematische Proportionen konzentrierten. Kein Aufwand war zu gro\u00df, diesen magischen Ort bzw. Effekt zu kreieren, wobei man sich freilich nicht zuf\u00e4llig ganz besondere Orte dieses Planeten daf\u00fcr aussuchte.<br \/>Jedenfalls kann man sich einfach intuitiv darauf einlassen, egal welcher Philosophie man fr\u00f6nt.<\/p>\r\n<p>Das Buch war urspr\u00fcnglich als Fachbuch konzipiert. Dann fand ich, dass ich die Spannung, die \u00dcberraschungen und teils verbl\u00fcffenden Erkenntnisse und Inspirationen, die diese \u00bbReise\u00ab bereit hielt und hoffentlich weiter h\u00e4lt, gern\u00a0<span style=\"font-size: 1rem;\">emotional ansprechender\u00a0<\/span><span style=\"font-size: 1rem;\">in eine entsprechend spannendere Lekt\u00fcre\u00a0 einbetten m\u00f6chte. Es soll auch inspirieren, vielleicht &#8222;Aha&#8220;-Effekte erzeugen und trotzdem ein Nachschlagewerk sein k\u00f6nnen. Das Ergebnis ist wohl ein recht einzigartiges Buch, das hin und wieder die gew\u00fcnschten Effekte erzeugen kann, wie einige Rezensionen zeigen, was f\u00fcr alle Beteiligten sehr erfreulich ist.<\/span><\/p>","protected":false},"excerpt":{"rendered":"<p>Schon lange \u00fcbten die Geheimnisse der Alchemie, der alten vedischen, \u00e4gyptischen, arabischen, historischen und mythischen &#8230; Schriften, die Weisheiten des Paracelsus, Symbolik und Schriftgeschichte,\u00a0Etymologie usw., eine gro\u00dfe Faszination auf mich aus. Sp\u00e4testens seit ich aus gesundheitlichen Gr\u00fcnden (auch bez\u00fcglich meiner Kinder) zu diesen Themen recherchierte und forschte, stieg mein Interesse weiter und weiter. Dazu kamen &hellip; <\/p>\n<p class=\"link-more\"><a href=\"https:\/\/www.arthouse39.de\/7portale\/spirituelles-kunstprojekt\/\" class=\"more-link\"><span class=\"screen-reader-text\">\u201eSpirituelles Kunstprojekt\u201c<\/span> weiterlesen<\/a><\/p>\n","protected":false},"author":1,"featured_media":0,"parent":0,"menu_order":0,"comment_status":"closed","ping_status":"closed","template":"","meta":[],"_links":{"self":[{"href":"https:\/\/www.arthouse39.de\/7portale\/wp-json\/wp\/v2\/pages\/706"}],"collection":[{"href":"https:\/\/www.arthouse39.de\/7portale\/wp-json\/wp\/v2\/pages"}],"about":[{"href":"https:\/\/www.arthouse39.de\/7portale\/wp-json\/wp\/v2\/types\/page"}],"author":[{"embeddable":true,"href":"https:\/\/www.arthouse39.de\/7portale\/wp-json\/wp\/v2\/users\/1"}],"replies":[{"embeddable":true,"href":"https:\/\/www.arthouse39.de\/7portale\/wp-json\/wp\/v2\/comments?post=706"}],"version-history":[{"count":29,"href":"https:\/\/www.arthouse39.de\/7portale\/wp-json\/wp\/v2\/pages\/706\/revisions"}],"predecessor-version":[{"id":1024,"href":"https:\/\/www.arthouse39.de\/7portale\/wp-json\/wp\/v2\/pages\/706\/revisions\/1024"}],"wp:attachment":[{"href":"https:\/\/www.arthouse39.de\/7portale\/wp-json\/wp\/v2\/media?parent=706"}],"curies":[{"name":"wp","href":"https:\/\/api.w.org\/{rel}","templated":true}]}}